[INFO] cloning repository https://github.com/ibodrov/gfx-test
[INFO] running `Command { std: "git" "-c" "credential.helper=" "-c" "credential.helper=/workspace/cargo-home/bin/git-credential-null" "clone" "--bare" "https://github.com/ibodrov/gfx-test" "/workspace/cache/git-repos/https%3A%2F%2Fgithub.com%2Fibodrov%2Fgfx-test", kill_on_drop: false }`
[INFO] [stderr] Cloning into bare repository '/workspace/cache/git-repos/https%3A%2F%2Fgithub.com%2Fibodrov%2Fgfx-test'...
[INFO] running `Command { std: "git" "rev-parse" "HEAD", kill_on_drop: false }`
[INFO] [stdout] edc62758182150a84a1b5ab067cdcee4f7636e8f
[INFO] checking ibodrov/gfx-test against master#af3c6e733a40e671550e0f0f5aeecaa13772ba56 for pr-74989
[INFO] running `Command { std: "git" "clone" "/workspace/cache/git-repos/https%3A%2F%2Fgithub.com%2Fibodrov%2Fgfx-test" "/workspace/builds/worker-8/source", kill_on_drop: false }`
[INFO] [stderr] Cloning into '/workspace/builds/worker-8/source'...
[INFO] [stderr] done.
[INFO] validating manifest of git repo https://github.com/ibodrov/gfx-test on toolchain af3c6e733a40e671550e0f0f5aeecaa13772ba56
[INFO] running `Command { std: "/workspace/cargo-home/bin/cargo" "+af3c6e733a40e671550e0f0f5aeecaa13772ba56" "read-manifest" "--manifest-path" "Cargo.toml", kill_on_drop: false }`
[INFO] started tweaking git repo https://github.com/ibodrov/gfx-test
[INFO] finished tweaking git repo https://github.com/ibodrov/gfx-test
[INFO] tweaked toml for git repo https://github.com/ibodrov/gfx-test written to /workspace/builds/worker-8/source/Cargo.toml
[INFO] crate git repo https://github.com/ibodrov/gfx-test already has a lockfile, it will not be regenerated
[INFO] running `Command { std: "/workspace/cargo-home/bin/cargo" "+af3c6e733a40e671550e0f0f5aeecaa13772ba56" "fetch" "--locked" "--manifest-path" "Cargo.toml", kill_on_drop: false }`
[INFO] [stderr]     Blocking waiting for file lock on package cache
[INFO] [stderr] error: the lock file /workspace/builds/worker-8/source/Cargo.lock needs to be updated but --locked was passed to prevent this
[INFO] [stderr] If you want to try to generate the lock file without accessing the network, use the --offline flag.
[INFO] the lockfile is outdated, regenerating it
[INFO] running `Command { std: "/workspace/cargo-home/bin/cargo" "+af3c6e733a40e671550e0f0f5aeecaa13772ba56" "generate-lockfile" "--manifest-path" "Cargo.toml" "-Zno-index-update", kill_on_drop: false }`
[INFO] running `Command { std: "/workspace/cargo-home/bin/cargo" "+af3c6e733a40e671550e0f0f5aeecaa13772ba56" "fetch" "--locked" "--manifest-path" "Cargo.toml", kill_on_drop: false }`
[INFO] [stderr]     Blocking waiting for file lock on package cache
[INFO] [stderr]     Blocking waiting for file lock on package cache
[INFO] running `Command { std: "docker" "create" "-v" "/var/lib/crater-agent-workspace/builds/worker-8/target:/opt/rustwide/target:rw,Z" "-v" "/var/lib/crater-agent-workspace/builds/worker-8/source:/opt/rustwide/workdir:ro,Z" "-v" "/var/lib/crater-agent-workspace/cargo-home:/opt/rustwide/cargo-home:ro,Z" "-v" "/var/lib/crater-agent-workspace/rustup-home:/opt/rustwide/rustup-home:ro,Z" "-e" "SOURCE_DIR=/opt/rustwide/workdir" "-e" "CARGO_TARGET_DIR=/opt/rustwide/target" "-e" "CARGO_HOME=/opt/rustwide/cargo-home" "-e" "RUSTUP_HOME=/opt/rustwide/rustup-home" "-w" "/opt/rustwide/workdir" "-m" "1610612736" "--user" "0:0" "--network" "none" "rustops/crates-build-env@sha256:d92eaeed33fa75130ca1ee6c8a01d1ffb62bac859dfdfb3450e3e5d1c0146529" "/opt/rustwide/cargo-home/bin/cargo" "+af3c6e733a40e671550e0f0f5aeecaa13772ba56" "metadata" "--no-deps" "--format-version=1", kill_on_drop: false }`
[INFO] [stdout] 45a1db8ddba531fc55213275d178c2ad22117648f526bbcc09040125640a35c4
[INFO] [stderr] WARNING: Your kernel does not support swap limit capabilities or the cgroup is not mounted. Memory limited without swap.
[INFO] running `Command { std: "docker" "start" "-a" "45a1db8ddba531fc55213275d178c2ad22117648f526bbcc09040125640a35c4", kill_on_drop: false }`
[INFO] running `Command { std: "docker" "inspect" "45a1db8ddba531fc55213275d178c2ad22117648f526bbcc09040125640a35c4", kill_on_drop: false }`
[INFO] running `Command { std: "docker" "rm" "-f" "45a1db8ddba531fc55213275d178c2ad22117648f526bbcc09040125640a35c4", kill_on_drop: false }`
[INFO] [stdout] 45a1db8ddba531fc55213275d178c2ad22117648f526bbcc09040125640a35c4
[INFO] running `Command { std: "docker" "create" "-v" "/var/lib/crater-agent-workspace/builds/worker-8/target:/opt/rustwide/target:rw,Z" "-v" "/var/lib/crater-agent-workspace/builds/worker-8/source:/opt/rustwide/workdir:ro,Z" "-v" "/var/lib/crater-agent-workspace/cargo-home:/opt/rustwide/cargo-home:ro,Z" "-v" "/var/lib/crater-agent-workspace/rustup-home:/opt/rustwide/rustup-home:ro,Z" "-e" "SOURCE_DIR=/opt/rustwide/workdir" "-e" "CARGO_TARGET_DIR=/opt/rustwide/target" "-e" "CARGO_INCREMENTAL=0" "-e" "RUST_BACKTRACE=full" "-e" "RUSTFLAGS=--cap-lints=forbid" "-e" "CARGO_HOME=/opt/rustwide/cargo-home" "-e" "RUSTUP_HOME=/opt/rustwide/rustup-home" "-w" "/opt/rustwide/workdir" "-m" "1610612736" "--user" "0:0" "--network" "none" "rustops/crates-build-env@sha256:d92eaeed33fa75130ca1ee6c8a01d1ffb62bac859dfdfb3450e3e5d1c0146529" "/opt/rustwide/cargo-home/bin/cargo" "+af3c6e733a40e671550e0f0f5aeecaa13772ba56" "check" "--frozen" "--all" "--all-targets" "--message-format=json", kill_on_drop: false }`
[INFO] [stderr] WARNING: Your kernel does not support swap limit capabilities or the cgroup is not mounted. Memory limited without swap.
[INFO] [stdout] 756398d0812689079af903e5f541633fbb58abbc73573d308d72b5791ed8ee39
[INFO] running `Command { std: "docker" "start" "-a" "756398d0812689079af903e5f541633fbb58abbc73573d308d72b5791ed8ee39", kill_on_drop: false }`
[INFO] [stderr]    Compiling libc v0.2.77
[INFO] [stderr]    Compiling xml-rs v0.8.3
[INFO] [stderr]    Compiling libloading v0.6.3
[INFO] [stderr]    Compiling autocfg v1.0.1
[INFO] [stderr]     Checking void v1.0.2
[INFO] [stderr]    Compiling byteorder v1.3.4
[INFO] [stderr]    Compiling maybe-uninit v2.0.0
[INFO] [stderr]     Checking downcast-rs v1.2.0
[INFO] [stderr]    Compiling pkg-config v0.3.18
[INFO] [stderr]     Checking scopeguard v1.1.0
[INFO] [stderr]    Compiling proc-macro2 v1.0.21
[INFO] [stderr]    Compiling cc v1.0.59
[INFO] [stderr]     Checking smallvec v1.4.2
[INFO] [stderr]     Checking instant v0.1.6
[INFO] [stderr]    Compiling cgmath v0.17.0
[INFO] [stderr]    Compiling standback v0.2.10
[INFO] [stderr]    Compiling time v0.2.19
[INFO] [stderr]     Checking lock_api v0.3.4
[INFO] [stderr]     Checking log v0.4.11
[INFO] [stderr]     Checking draw_state v0.8.0
[INFO] [stderr]    Compiling quote v0.6.13
[INFO] [stderr]    Compiling num-traits v0.2.12
[INFO] [stderr]     Checking smallvec v0.6.13
[INFO] [stderr]     Checking dlib v0.4.2
[INFO] [stderr]     Checking wayland-sys v0.21.13
[INFO] [stderr]     Checking wayland-sys v0.23.6
[INFO] [stderr]    Compiling x11-dl v2.18.5
[INFO] [stderr]     Checking gfx_core v0.9.2
[INFO] [stderr]     Checking stb_truetype v0.3.1
[INFO] [stderr]    Compiling gl_generator v0.14.0
[INFO] [stderr]    Compiling wayland-scanner v0.21.13
[INFO] [stderr]    Compiling wayland-scanner v0.23.6
[INFO] [stderr]    Compiling quote v1.0.7
[INFO] [stderr]     Checking nix v0.14.1
[INFO] [stderr]     Checking iovec v0.1.4
[INFO] [stderr]     Checking net2 v0.2.35
[INFO] [stderr]     Checking memmap v0.7.0
[INFO] [stderr]     Checking raw-window-handle v0.3.3
[INFO] [stderr]     Checking parking_lot_core v0.6.2
[INFO] [stderr]     Checking shared_library v0.1.9
[INFO] [stderr]     Checking parking_lot_core v0.7.2
[INFO] [stderr]     Checking rand_os v0.1.3
[INFO] [stderr]    Compiling libloading v0.5.2
[INFO] [stderr]    Compiling syn v1.0.41
[INFO] [stderr]     Checking mio v0.6.22
[INFO] [stderr]     Checking osmesa-sys v0.1.2
[INFO] [stderr]     Checking rand v0.6.5
[INFO] [stderr]     Checking parking_lot v0.9.0
[INFO] [stderr]     Checking parking_lot v0.10.2
[INFO] [stderr]     Checking approx v0.3.2
[INFO] [stderr]     Checking ordered-float v1.1.0
[INFO] [stderr]     Checking line_drawing v0.7.0
[INFO] [stderr]     Checking rusttype v0.8.3
[INFO] [stderr]    Compiling glutin_glx_sys v0.1.7
[INFO] [stderr]    Compiling glutin_egl_sys v0.1.5
[INFO] [stderr]    Compiling gfx_gl v0.6.1
[INFO] [stderr]     Checking mio-extras v2.0.6
[INFO] [stderr]     Checking rusttype v0.7.9
[INFO] [stderr]     Checking andrew v0.2.1
[INFO] [stderr]    Compiling wayland-client v0.21.13
[INFO] [stderr]    Compiling wayland-protocols v0.21.13
[INFO] [stderr]    Compiling wayland-client v0.23.6
[INFO] [stderr]    Compiling wayland-protocols v0.23.6
[INFO] [stderr]     Checking gfx v0.18.2
[INFO] [stderr]     Checking wayland-commons v0.21.13
[INFO] [stderr]     Checking wayland-commons v0.23.6
[INFO] [stderr]     Checking calloop v0.4.4
[INFO] [stderr]     Checking gfx_device_gl v0.16.2
[INFO] [stderr]    Compiling time-macros-impl v0.1.1
[INFO] [stderr]     Checking smithay-client-toolkit v0.6.6
[INFO] [stderr]     Checking time-macros v0.1.0
[INFO] [stderr]     Checking smithay-client-toolkit v0.4.6
[INFO] [stderr]     Checking winit v0.22.2
[INFO] [stderr]     Checking winit v0.19.5
[INFO] [stderr]     Checking glutin v0.21.2
[INFO] [stderr]     Checking glutin v0.24.1
[INFO] [stderr]     Checking gfx_window_glutin v0.31.0
[INFO] [stderr]     Checking gfx-test v0.1.0 (/opt/rustwide/workdir)
[INFO] [stdout] error[E0433]: failed to resolve: could not find `BufferRole` in `gfx`
[INFO] [stdout]   --> src/main.rs:75:55
[INFO] [stdout]    |
[INFO] [stdout] 75 |         factory.create_buffer_const(&attributes, gfx::BufferRole::Vertex, gfx::Bind::empty()).unwrap()
[INFO] [stdout]    |                                                       ^^^^^^^^^^ could not find `BufferRole` in `gfx`
[INFO] [stdout] 
[INFO] [stdout] 
[INFO] [stdout] error[E0433]: failed to resolve: could not find `Event` in `glutin`
[INFO] [stdout]   --> src/main.rs:96:25
[INFO] [stdout]    |
[INFO] [stdout] 96 |                 glutin::Event::KeyboardInput(_, _, Some(glutin::VirtualKeyCode::Escape)) |
[INFO] [stdout]    |                         ^^^^^ could not find `Event` in `glutin`
[INFO] [stdout] 
[INFO] [stdout] 
[INFO] [stdout] error[E0433]: failed to resolve: could not find `VirtualKeyCode` in `glutin`
[INFO] [stdout]   --> src/main.rs:96:65
[INFO] [stdout]    |
[INFO] [stdout] 96 |                 glutin::Event::KeyboardInput(_, _, Some(glutin::VirtualKeyCode::Escape)) |
[INFO] [stdout]    |                                                                 ^^^^^^^^^^^^^^ could not find `VirtualKeyCode` in `glutin`
[INFO] [stdout] 
[INFO] [stdout] 
[INFO] [stdout] error[E0433]: failed to resolve: could not find `Event` in `glutin`
[INFO] [stdout]   --> src/main.rs:97:25
[INFO] [stdout]    |
[INFO] [stdout] 97 |                 glutin::Event::Closed => break 'main,
[INFO] [stdout]    |                         ^^^^^ could not find `Event` in `glutin`
[INFO] [stdout] 
[INFO] [stdout] 
[INFO] [stdout] error[E0433]: failed to resolve: could not find `WindowBuilder` in `glutin`
[INFO] [stdout]   --> src/main.rs:47:27
[INFO] [stdout]    |
[INFO] [stdout] 47 |     let builder = glutin::WindowBuilder::new()
[INFO] [stdout]    |                           ^^^^^^^^^^^^^ not found in `glutin`
[INFO] [stdout]    |
[INFO] [stdout] help: consider importing this struct
[INFO] [stdout]    |
[INFO] [stdout] 9  | use glutin::window::WindowBuilder;
[INFO] [stdout]    |
[INFO] [stdout] 
[INFO] [stdout] 
[INFO] [stdout] error[E0433]: failed to resolve: could not find `Bind` in `gfx`
[INFO] [stdout]   --> src/main.rs:75:80
[INFO] [stdout]    |
[INFO] [stdout] 75 |         factory.create_buffer_const(&attributes, gfx::BufferRole::Vertex, gfx::Bind::empty()).unwrap()
[INFO] [stdout]    |                                                                                ^^^^ not found in `gfx`
[INFO] [stdout]    |
[INFO] [stdout] help: consider importing this struct
[INFO] [stdout]    |
[INFO] [stdout] 9  | use gfx::memory::Bind;
[INFO] [stdout]    |
[INFO] [stdout] 
[INFO] [stdout] 
[INFO] [stdout] warning: unused import: `gfx::traits::Factory`
[INFO] [stdout]   --> src/main.rs:45:9
[INFO] [stdout]    |
[INFO] [stdout] 45 |     use gfx::traits::Factory;
[INFO] [stdout]    |         ^^^^^^^^^^^^^^^^^^^^
[INFO] [stdout]    |
[INFO] [stdout]    = note: `#[warn(unused_imports)]` on by default
[INFO] [stdout] 
[INFO] [stdout] 
[INFO] [stdout] warning: use of deprecated function `time::precise_time_s`: Use `OffsetDateTime::now() - OffsetDateTime::unix_epoch()` to get a `Duration` since a known epoch.
[INFO] [stdout]    --> src/main.rs:111:18
[INFO] [stdout]     |
[INFO] [stdout] 111 |         let t2 = time::precise_time_s();
[INFO] [stdout]     |                  ^^^^^^^^^^^^^^^^^^^^
[INFO] [stdout]     |
[INFO] [stdout]     = note: `#[warn(deprecated)]` on by default
[INFO] [stdout] 
[INFO] [stdout] 
[INFO] [stdout] error[E0433]: failed to resolve: could not find `BufferRole` in `gfx`
[INFO] [stdout]   --> src/main.rs:75:55
[INFO] [stdout]    |
[INFO] [stdout] 75 |         factory.create_buffer_const(&attributes, gfx::BufferRole::Vertex, gfx::Bind::empty()).unwrap()
[INFO] [stdout]    |                                                       ^^^^^^^^^^ could not find `BufferRole` in `gfx`
[INFO] [stdout] 
[INFO] [stdout] 
[INFO] [stdout] error[E0433]: failed to resolve: could not find `Event` in `glutin`
[INFO] [stdout]   --> src/main.rs:96:25
[INFO] [stdout]    |
[INFO] [stdout] 96 |                 glutin::Event::KeyboardInput(_, _, Some(glutin::VirtualKeyCode::Escape)) |
[INFO] [stdout]    |                         ^^^^^ could not find `Event` in `glutin`
[INFO] [stdout] 
[INFO] [stdout] 
[INFO] [stdout] error[E0433]: failed to resolve: could not find `VirtualKeyCode` in `glutin`
[INFO] [stdout]   --> src/main.rs:96:65
[INFO] [stdout]    |
[INFO] [stdout] 96 |                 glutin::Event::KeyboardInput(_, _, Some(glutin::VirtualKeyCode::Escape)) |
[INFO] [stdout]    |                                                                 ^^^^^^^^^^^^^^ could not find `VirtualKeyCode` in `glutin`
[INFO] [stdout] 
[INFO] [stdout] 
[INFO] [stdout] error[E0433]: failed to resolve: could not find `Event` in `glutin`
[INFO] [stdout]   --> src/main.rs:97:25
[INFO] [stdout]    |
[INFO] [stdout] 97 |                 glutin::Event::Closed => break 'main,
[INFO] [stdout]    |                         ^^^^^ could not find `Event` in `glutin`
[INFO] [stdout] 
[INFO] [stdout] 
[INFO] [stdout] error[E0433]: failed to resolve: could not find `WindowBuilder` in `glutin`
[INFO] [stdout]   --> src/main.rs:47:27
[INFO] [stdout]    |
[INFO] [stdout] 47 |     let builder = glutin::WindowBuilder::new()
[INFO] [stdout]    |                           ^^^^^^^^^^^^^ not found in `glutin`
[INFO] [stdout]    |
[INFO] [stdout] help: consider importing this struct
[INFO] [stdout]    |
[INFO] [stdout] 9  | use glutin::window::WindowBuilder;
[INFO] [stdout]    |
[INFO] [stdout] 
[INFO] [stdout] 
[INFO] [stdout] error[E0433]: failed to resolve: could not find `Bind` in `gfx`
[INFO] [stdout]   --> src/main.rs:75:80
[INFO] [stdout]    |
[INFO] [stdout] 75 |         factory.create_buffer_const(&attributes, gfx::BufferRole::Vertex, gfx::Bind::empty()).unwrap()
[INFO] [stdout]    |                                                                                ^^^^ not found in `gfx`
[INFO] [stdout]    |
[INFO] [stdout] help: consider importing this struct
[INFO] [stdout]    |
[INFO] [stdout] 9  | use gfx::memory::Bind;
[INFO] [stdout]    |
[INFO] [stdout] 
[INFO] [stdout] 
[INFO] [stdout] warning: unused import: `gfx::traits::Factory`
[INFO] [stdout]   --> src/main.rs:45:9
[INFO] [stdout]    |
[INFO] [stdout] 45 |     use gfx::traits::Factory;
[INFO] [stdout]    |         ^^^^^^^^^^^^^^^^^^^^
[INFO] [stdout]    |
[INFO] [stdout]    = note: `#[warn(unused_imports)]` on by default
[INFO] [stdout] 
[INFO] [stdout] 
[INFO] [stdout] warning: use of deprecated function `time::precise_time_s`: Use `OffsetDateTime::now() - OffsetDateTime::unix_epoch()` to get a `Duration` since a known epoch.
[INFO] [stdout]    --> src/main.rs:111:18
[INFO] [stdout]     |
[INFO] [stdout] 111 |         let t2 = time::precise_time_s();
[INFO] [stdout]     |                  ^^^^^^^^^^^^^^^^^^^^
[INFO] [stdout]     |
[INFO] [stdout]     = note: `#[warn(deprecated)]` on by default
[INFO] [stdout] 
[INFO] [stdout] 
[INFO] [stdout] error[E0061]: this function takes 3 arguments but 1 argument was supplied
[INFO] [stdout]   --> src/main.rs:52:9
[INFO] [stdout]    |
[INFO] [stdout] 52 |         gfx_window_glutin::init::<ColorFormat, DepthFormat>(builder);
[INFO] [stdout]    |         ^^^^^^^^^^^^^^^^^^^^^^^^^^^^^^^^^^^^^^^^^^^^^^^^^^^ ------- supplied 1 argument
[INFO] [stdout]    |         |
[INFO] [stdout]    |         expected 3 arguments
[INFO] [stdout] 
[INFO] [stdout] 
[INFO] [stdout] error[E0308]: mismatched types
[INFO] [stdout]   --> src/main.rs:51:9
[INFO] [stdout]    |
[INFO] [stdout] 51 |     let (window, mut device, mut factory, main_color, _main_depth) =
[INFO] [stdout]    |         ^^^^^^^^^^^^^^^^^^^^^^^^^^^^^^^^^^^^^^^^^^^^^^^^^^^^^^^^^^ expected enum `std::result::Result`, found tuple
[INFO] [stdout] 52 |         gfx_window_glutin::init::<ColorFormat, DepthFormat>(builder);
[INFO] [stdout]    |         ------------------------------------------------------------ this expression has type `std::result::Result<(glutin::windowed::ContextWrapper<glutin::context::PossiblyCurrent, winit::Window>, gfx_device_gl::Device, gfx_device_gl::Factory, RenderTargetView<gfx_device_gl::Resources, (gfx::format::R8_G8_B8_A8, gfx::format::Unorm)>, DepthStencilView<gfx_device_gl::Resources, (gfx::format::D24_S8, gfx::format::Unorm)>), glutin::CreationError>`
[INFO] [stdout]    |
[INFO] [stdout]    = note: expected enum `std::result::Result<(glutin::windowed::ContextWrapper<glutin::context::PossiblyCurrent, winit::Window>, gfx_device_gl::Device, gfx_device_gl::Factory, RenderTargetView<gfx_device_gl::Resources, (gfx::format::R8_G8_B8_A8, gfx::format::Unorm)>, DepthStencilView<gfx_device_gl::Resources, (gfx::format::D24_S8, gfx::format::Unorm)>), glutin::CreationError>`
[INFO] [stdout]              found tuple `(_, _, _, _, _)`
[INFO] [stdout] 
[INFO] [stdout] 
[INFO] [stdout] error[E0061]: this function takes 3 arguments but 1 argument was supplied
[INFO] [stdout]   --> src/main.rs:52:9
[INFO] [stdout]    |
[INFO] [stdout] 52 |         gfx_window_glutin::init::<ColorFormat, DepthFormat>(builder);
[INFO] [stdout]    |         ^^^^^^^^^^^^^^^^^^^^^^^^^^^^^^^^^^^^^^^^^^^^^^^^^^^ ------- supplied 1 argument
[INFO] [stdout]    |         |
[INFO] [stdout]    |         expected 3 arguments
[INFO] [stdout] 
[INFO] [stdout] 
[INFO] [stdout] error[E0308]: mismatched types
[INFO] [stdout]   --> src/main.rs:51:9
[INFO] [stdout]    |
[INFO] [stdout] 51 |     let (window, mut device, mut factory, main_color, _main_depth) =
[INFO] [stdout]    |         ^^^^^^^^^^^^^^^^^^^^^^^^^^^^^^^^^^^^^^^^^^^^^^^^^^^^^^^^^^ expected enum `std::result::Result`, found tuple
[INFO] [stdout] 52 |         gfx_window_glutin::init::<ColorFormat, DepthFormat>(builder);
[INFO] [stdout]    |         ------------------------------------------------------------ this expression has type `std::result::Result<(glutin::windowed::ContextWrapper<glutin::context::PossiblyCurrent, winit::Window>, gfx_device_gl::Device, gfx_device_gl::Factory, RenderTargetView<gfx_device_gl::Resources, (gfx::format::R8_G8_B8_A8, gfx::format::Unorm)>, DepthStencilView<gfx_device_gl::Resources, (gfx::format::D24_S8, gfx::format::Unorm)>), glutin::CreationError>`
[INFO] [stdout]    |
[INFO] [stdout]    = note: expected enum `std::result::Result<(glutin::windowed::ContextWrapper<glutin::context::PossiblyCurrent, winit::Window>, gfx_device_gl::Device, gfx_device_gl::Factory, RenderTargetView<gfx_device_gl::Resources, (gfx::format::R8_G8_B8_A8, gfx::format::Unorm)>, DepthStencilView<gfx_device_gl::Resources, (gfx::format::D24_S8, gfx::format::Unorm)>), glutin::CreationError>`
[INFO] [stdout]              found tuple `(_, _, _, _, _)`
[INFO] [stdout] 
[INFO] [stdout] 
[INFO] [stdout] warning: unused import: `gfx::traits::FactoryExt`
[INFO] [stdout]  --> src/main.rs:9:5
[INFO] [stdout]   |
[INFO] [stdout] 9 | use gfx::traits::FactoryExt;
[INFO] [stdout]   |     ^^^^^^^^^^^^^^^^^^^^^^^
[INFO] [stdout] 
[INFO] [stdout] 
[INFO] [stdout] warning: unused import: `gfx::Device`
[INFO] [stdout]   --> src/main.rs:10:5
[INFO] [stdout]    |
[INFO] [stdout] 10 | use gfx::Device;
[INFO] [stdout]    |     ^^^^^^^^^^^
[INFO] [stdout] 
[INFO] [stdout] 
[INFO] [stdout] error: aborting due to 8 previous errors; 4 warnings emitted
[INFO] [stdout] 
[INFO] [stdout] 
[INFO] [stdout] Some errors have detailed explanations: E0061, E0308, E0433.
[INFO] [stdout] 
[INFO] [stdout] For more information about an error, try `rustc --explain E0061`.
[INFO] [stdout] 
[INFO] [stderr] error: could not compile `gfx-test`.
[INFO] [stderr] 
[INFO] [stderr] To learn more, run the command again with --verbose.
[INFO] [stderr] warning: build failed, waiting for other jobs to finish...
[INFO] [stdout] warning: unused import: `gfx::traits::FactoryExt`
[INFO] [stdout]  --> src/main.rs:9:5
[INFO] [stdout]   |
[INFO] [stdout] 9 | use gfx::traits::FactoryExt;
[INFO] [stdout]   |     ^^^^^^^^^^^^^^^^^^^^^^^
[INFO] [stdout] 
[INFO] [stdout] 
[INFO] [stdout] warning: unused import: `gfx::Device`
[INFO] [stdout]   --> src/main.rs:10:5
[INFO] [stdout]    |
[INFO] [stdout] 10 | use gfx::Device;
[INFO] [stdout]    |     ^^^^^^^^^^^
[INFO] [stdout] 
[INFO] [stdout] 
[INFO] [stdout] error: aborting due to 8 previous errors; 4 warnings emitted
[INFO] [stdout] 
[INFO] [stdout] 
[INFO] [stdout] Some errors have detailed explanations: E0061, E0308, E0433.
[INFO] [stdout] 
[INFO] [stdout] For more information about an error, try `rustc --explain E0061`.
[INFO] [stdout] 
[INFO] [stderr] error: build failed
[INFO] running `Command { std: "docker" "inspect" "756398d0812689079af903e5f541633fbb58abbc73573d308d72b5791ed8ee39", kill_on_drop: false }`
[INFO] running `Command { std: "docker" "rm" "-f" "756398d0812689079af903e5f541633fbb58abbc73573d308d72b5791ed8ee39", kill_on_drop: false }`
[INFO] [stdout] 756398d0812689079af903e5f541633fbb58abbc73573d308d72b5791ed8ee39
